?
9
Let y = -43 + 73. Suppose 3*j = -z + 6*j + 23, y = 2*z - 2*j. What is the tens digit of z?
1
Let y = 28 + -17. What is the tens digit of y?
1
Let h(g) = -g + 5. Let m(v) = -v**3 - 7*v**2 + 7*v + 3. Let i be m(-8). Let t be h(i). Let o = -3 - t. What is the units digit of o?
3
What is the tens digit of 38 - -1 - -4 - 2?
4
Let j = -13 + 20. Let s be 1*(0 - -1) + j. Suppose 0 = 5*u - s - 2. What is the units digit of u?
2
Suppose -u - 24 = 2*a - 5*u, 2*u = 4*a + 18. Let q = a + 5. Suppose 3*y - 3*k - 30 = -0, 0 = 5*y + q*k - 42. What is the units digit of y?
9
Suppose -2*c = 2*k + 2, -2*c - 3*c + 19 = -3*k. Suppose 0 = 5*a + c*s - s - 11, a - 6 = -4*s. What is the tens digit of 2*((-21)/(-3) - a)?
1
Suppose 0 = 4*s + 2*o - 282 - 680, 0 = -4*s - 4*o + 972. What is the units digit of s?
8
What is the units digit of 4/8*68 - 1?
3
Suppose 0 = -4*g + i + 722, 0 = -5*g - i + 194 + 704. Suppose -4*b + g = -4*r, 3*b + 2*r = -0*r + 115. Let w = b - 28. What is the tens digit of w?
1
Let r = 663 + -402. What is the hundreds digit of r?
2
Let f(d) = 5*d - 9. Let b(i) = 14*i - 26. Let s(v) = -4*b(v) + 11*f(v). What is the units digit of s(-4)?
9
Suppose -2*i = 10*i - 960. What is the units digit of i?
0
Let w(s) be the third derivative of -7/24*s**4 + s**2 + 0*s + 5/6*s**3 + 1/60*s**5 + 0. What is the units digit of w(7)?
5
Let j = -418 - -642. What is the hundreds digit of j?
2
Let d = -365 + 637. What is the units digit of d?
2
Suppose 0 = -3*d - 12, -k + 5*d + 39 + 2 = 0. Let m = 35 - k. What is the units digit of m?
4
Suppose -4*z + 78 = -4*m - 322, -4*m + 400 = 4*z. What is the units digit of z?
0
Let y be 4/(-2)*-1 + -1. Suppose 5 = -i + 2. Let h = y - i. What is the units digit of h?
4
Suppose 15 = 4*q + q. Suppose -q = -3*c, -3*c - 15 = -5*t + 52. Suppose 3*v - 16 = 4*v - 5*f, -f + t = v. What is the units digit of v?
9
Let x be 2 + -3 - (0 - 11). Let r be (-111)/15 + (-6)/x. Let i = -6 - r. What is the units digit of i?
2
Let n be (-5)/(-2) - (-4)/(-8). Suppose 0 = -3*d - n*q + q + 19, 20 = 5*q. What is the units digit of d?
5
Let y be ((-18)/4)/3*8. What is the units digit of 8/(-2)*(3 + y)?
6
Suppose -5*t + 24 = w + 3*w, 3*w = -4*t + 20. What is the units digit of t?
8
Let s be (-2384)/(-44) + 2/(-11). Let d = -27 + s. What is the units digit of d?
7
Let l(g) = -2*g - 1. Let i be l(-2). Suppose -5*m - 2 = 5*j + i, 4*m = -2*j - 4. Let c = m + 7. What is the units digit of c?
6
Let q = 0 + -10. Let w = 17 + q. What is the units digit of w?
7
Let w = 0 + 3. Suppose -2*o + o = 2*q - 10, 2*o - 15 = -w*q. Suppose -a + 12 + 4 = o. What is the units digit of a?
6
Suppose 0*z + 10 = 2*z. Suppose 5*s - 44 = -c + 77, -5*s + 105 = 5*c. What is the units digit of 55/s + (-1)/z?
2
Let n(t) be the second derivative of -t**4/12 - t**3/6 + t**2 - 2*t. Let o be n(-2). Suppose s = -u + 2, -5*u = 3*s - 2 - o. What is the units digit of s?
4
Let q(i) = i + 1 + 2 - 12. Let n be q(9). Suppose m - 7 = -n*m. What is the units digit of m?
7
Let c(i) = i**3 + 16*i**2 - 19*i + 8. What is the tens digit of c(-17)?
4
Let s(a) = a**3 - 4*a**2 - 4*a + 6. What is the tens digit of s(6)?
5
Let c(a) = a - 2. Let b be c(3). Let h = b + 0. What is the units digit of h?
1
Suppose -33 = -2*l - 11. What is the units digit of l?
1
Let d be (-42)/(-11) - 8/(-44). Suppose d*z + 48 = 3*p, p - 3*z = -2*p + 45. What is the tens digit of p?
1
Let p = 258 - 126. What is the tens digit of p?
3
Suppose 3*y = -15, y + 32 = b - 24. What is the tens digit of b?
5
Let c(i) = -i**3 + 13*i**2 - 6*i + 6 + 0*i**2 + 11*i + 9*i. What is the units digit of c(14)?
6
Suppose 0 = -2*b + 87 + 131. What is the hundreds digit of b?
1
Let t(k) = -k**2 + 7*k - 4. Let o be t(6). Suppose -o*i + 3 + 15 = 0. What is the units digit of i?
9
Suppose -6*q - 246 = -9*q. Suppose 0 = -r - r + q. What is the units digit of r?
1
Suppose -l + 30 = -w, -5*l + 90 + 81 = 2*w. What is the units digit of l?
3
Suppose -5*r = 4*u - 27, 5*r - 2*u - 3*u = 0. What is the tens digit of 3 + 20 + -1 + r?
2
Let q be ((-7)/(7/18))/1. Let d = q - -27. What is the units digit of d?
9
Suppose 0 = 4*j + n + 4, -n - 3*n - 16 = 5*j. Suppose j = 2*i + 1 - 3. What is the units digit of 2/(-1*i/(-2))?
4
Let z(h) = -h**3 + 8*h**2 + 16*h - 16. What is the hundreds digit of z(8)?
1
Let r be (-3 - -4) + (0 - -4). Suppose 0 = -2*u + 5*m - 7, -7 = 4*u + r*m - 38. What is the units digit of u?
4
Let z = -4 - -4. Let x = 10 - z. What is the units digit of x?
0
Suppose h + 3 - 9 = 0. Suppose -3*b = h - 33. What is the units digit of b?
9
Suppose 0 = 7*i - 389 - 297. What is the units digit of i?
8
Let u be (-3)/(6/4) + 2. Suppose -2*q + 10 = -u*q. Suppose -9*b - q = -4*b, j + 3*b - 9 = 0. What is the tens digit of j?
1
Suppose 18 = 2*n + n. Suppose -v + 0 + n = 0. What is the units digit of v?
6
What is the units digit of (0 + 3 - 6)/(-1)?
3
Let j = -316 - -474. What is the units digit of j?
8
Let z(y) = y**2 - 7*y - 1. Let l be z(8). Let c = -14 + l. Let q = 13 + c. What is the units digit of q?
6
Let c = 11 - 6. Suppose c*k - 90 = -2*y - 2*y, -3*y - 5*k = -70. What is the units digit of y?
0
Let f(p) = 3*p**2 - 6*p - 9. What is the tens digit of f(6)?
6
Suppose -3*h - 4*o - 218 = -8*h, 3*o = 2*h - 90. What is the tens digit of h?
4
Suppose 0 = -j - 4*j. Let v be (-6)/(-9)*6 - j. Let k = 9 - v. What is the units digit of k?
5
Let w = -14 + 9. Let c = w - -12. What is the units digit of c?
7
Let g(d) = 2*d**2 + 2*d - 1. Let o be g(-2). Suppose 0 = -5*v + o*m - 4*m + 35, -v + 5*m = -33. What is the units digit of v?
8
Let d(w) be the third derivative of 0 - 1/3*w**3 - 3*w**2 - 1/10*w**5 + 7/24*w**4 + 1/120*w**6 + 0*w. What is the units digit of d(5)?
8
Let d = 12 - -24. Suppose -4*t = -t - d. Let r = t - 8. What is the units digit of r?
4
Let d(x) = -x + 1. Let q be d(0). Let k be (-3 - (q + -3))*0. Suppose -h - 4*s - 11 = k, h = -3*h - 2*s + 26. What is the units digit of h?
9
What is the hundreds digit of (5 - 75/20)/(3/780)?
3
Suppose 0 = 5*n + j - 95, -5*n + 81 = 3*j - 14. What is the units digit of n?
9
Suppose 5*a = 4*t - 7*t + 215, 5*t = a - 15. What is the units digit of a?
0
Let w be 2 + -1 - (0 - -9). What is the units digit of 21/(-14)*w/3?
4
Suppose b - 15 = 8. What is the units digit of b?
3
Let g(t) = t**2 + 3*t + 2. Let y be g(-6). Suppose y = -0*d + 4*d. Suppose v = 3*o + 13, 4*o - d = 3*v + 6*o. What is the units digit of v?
1
Let i(z) = -4*z + 5. Let v be i(6). Let d = v + 36. What is the units digit of d?
7
Suppose -1 = 2*u - 9. Suppose -2*h - 3*k = -0*k - 18, -4*k = u*h - 32. What is the units digit of h?
6
Suppose -62 - 10 = -3*x. What is the units digit of x?
4
Suppose 0 = 2*u - 2 - 8. Suppose 2*t = -t - 2*k - 4, -u*t + 4*k = 14. What is the units digit of (2 - t)*(-3)/(-4)?
3
Let d(p) = -p**3 + 16*p**2 + 7*p - 32. What is the units digit of d(16)?
0
Suppose -4*y - 18 = -x - 0*y, -5*y - 24 = -2*x. Let z = x + 0. Suppose -5*m + 4*w + w + 20 = 0, -m = -z*w - 7. What is the units digit of m?
1
Suppose d + 16 = 2*d. Let f = d + -8. What is the units digit of f?
8
Suppose -10 = -2*a, a = 4*u + 33 + 44. Let t be 40/(-4)*24/10. What is the units digit of (t/(-18))/((-4)/u)?
6
Let i be (-3 + 3)/(1 + 1). Let a be 0 + 0 - (-31 + i). Suppose -5*u - 3 = f - a, -4*f = u - 36. What is the units digit of f?
8
Let m = 167 + -146. What is the tens digit of m?
2
Let h(b) = -21*b. What is the tens digit of h(-1)?
2
Let v(p) = -4*p - 19. Let r(x) = 2*x + 9. Let l(z) = 9*r(z) + 4*v(z). What is the tens digit of l(5)?
1
Let x = 981 + -573. What is the tens digit of x?
0
Let u be -1 - 5/(10/(-96)). Suppose 0 = 3*j - u - 22. Suppose 53 = 4*g + g - 3*s, 2*g - j = 3*s. What is the tens digit of g?
1
Let m(s) = -41*s - 1. Let x = -26 + 25. What is the tens digit of m(x)?
4
Suppose -2*a + 280 = 3*a. What is the units digit of a?
6
Let o(b) be the second derivative of -b**5/20 + 7*b**4/12 - 5*b**3/6 - 4*b. What is the units digit of o(5)?
5
Suppose -5*k - 35 = -4*r, -25 + 4 = 3*k - r. Let w(i) = i + 6. Let n be w(k). What is the units digit of (0 - n)/((-1)/(-9))?
9
Let a = 401 + -223. What is the hundreds digit of a?
1
Let l(g) be the second derivative of g**4/12 + 5*g**3/6 - g**2 - 3*g. Let v be l(-6). Let i = -1 + v. What is the units digit of i?
3
What is